{"id":511,"date":"2017-07-17T09:12:50","date_gmt":"2017-07-17T09:12:50","guid":{"rendered":"http:\/\/demo.mysterythemes.com\/news-portal\/?page_id=16"},"modified":"2023-08-14T18:06:28","modified_gmt":"2023-08-14T21:06:28","slug":"about","status":"publish","type":"page","link":"https:\/\/lavozdisruptiva.com\/index.php\/about\/","title":{"rendered":"About"},"content":{"rendered":"\n<p><em>La Voz Disruptiva en un portal digital pensado para responder todas las necesidades del lector. Es un Diario con innovaci\u00f3n, opini\u00f3n . Es un portal digital de art\u00edculos period\u00edsticos, entrevistas y debates sobre temas sociales, ambientales y pol\u00edticos con contenidos publicados diariamente.<\/em><\/p>\n","protected":false},"excerpt":{"rendered":"<p>La Voz Disruptiva en un portal digital pensado para responder todas las necesidades del lector. Es un Diario con innovaci\u00f3n, opini\u00f3n . Es un portal digital de art\u00edculos period\u00edsticos, entrevistas y debates sobre temas sociales, ambientales y pol\u00edticos con contenidos publicados diariamente.<\/p>\n","protected":false},"author":1,"featured_media":0,"parent":0,"menu_order":0,"comment_status":"closed","ping_status":"closed","template":"","meta":{"footnotes":""},"class_list":["post-511","page","type-page","status-publish","hentry"],"blog_post_layout_featured_media_urls":{"thumbnail":"","full":""},"categories_names":null,"comments_number":"0","wpmagazine_modules_lite_featured_media_urls":{"thumbnail":"","cvmm-medium":"","cvmm-medium-plus":"","cvmm-portrait":"","cvmm-medium-square":"","cvmm-large":"","cvmm-small":"","full":""},"_links":{"self":[{"href":"https:\/\/lavozdisruptiva.com\/index.php\/wp-json\/wp\/v2\/pages\/511","targetHints":{"allow":["GET"]}}],"collection":[{"href":"https:\/\/lavozdisruptiva.com\/index.php\/wp-json\/wp\/v2\/pages"}],"about":[{"href":"https:\/\/lavozdisruptiva.com\/index.php\/wp-json\/wp\/v2\/types\/page"}],"author":[{"embeddable":true,"href":"https:\/\/lavozdisruptiva.com\/index.php\/wp-json\/wp\/v2\/users\/1"}],"replies":[{"embeddable":true,"href":"https:\/\/lavozdisruptiva.com\/index.php\/wp-json\/wp\/v2\/comments?post=511"}],"version-history":[{"count":3,"href":"https:\/\/lavozdisruptiva.com\/index.php\/wp-json\/wp\/v2\/pages\/511\/revisions"}],"predecessor-version":[{"id":770,"href":"https:\/\/lavozdisruptiva.com\/index.php\/wp-json\/wp\/v2\/pages\/511\/revisions\/770"}],"wp:attachment":[{"href":"https:\/\/lavozdisruptiva.com\/index.php\/wp-json\/wp\/v2\/media?parent=511"}],"curies":[{"name":"wp","href":"https:\/\/api.w.org\/{rel}","templated":true}]}}